te q(18).
30
Let l(z) = 5*z - 1. Determine l(-3).
-16
Let t(o) = 6*o - 16. Determine t(5).
14
Let o(z) = -4*z**3 - 3*z**2 + 5*z + 4. Determine o(-3).
70
Let s(j) = -5*j + 41. Calculate s(12).
-19
Let v(d) = -7*d - 2. Determine v(-1).
5
Let s(m) = -m**3 - 6*m**2 - 4*m - 5. What is s(-4)?
-21
Let x(a) = -a**3 - 23*a**2 + 26*a + 51. Give x(-24).
3
Let m(l) = l**3 + 13*l**2 - l - 14. Determine m(-13).
-1
Let q(z) = -z**3 - 6*z**2 + 2*z - 21. Calculate q(-7).
14
Let w(r) = r**2 + 2*r - 3. What is w(-5)?
12
Let p(g) = 3*g - 10. What is p(-7)?
-31
Let h(s) = s**2 + 7*s + 2. What is h(-9)?
20
Let c(k) = k**3 - 10*k**2 + 9*k. Give c(9).
0
Let o(a) = a**3 - 5*a**2 + 4*a + 1. Determine o(4).
1
Let z(x) = x**2 + 5*x - 12. What is z(-6)?
-6
Let b(l) = l**2 + 9*l - 20. Determine b(-11).
2
Let c(h) = -h**2 - 2*h + 6. Give c(-3).
3
Let l(d) = 2*d + 1. What is l(-5)?
-9
Let z(u) = -u**3 - 20*u**2 + u + 16. Calculate z(-20).
-4
Let y(v) = 5*v - 106. Calculate y(28).
34
Let w(t) = t**3 - 6*t**2 - 8*t - 2. Determine w(7).
-9
Let f(h) = h**2 - 4*h - 18. Determine f(0).
-18
Let y(m) = m + 13. Give y(0).
13
Let r(q) = 3*q**3 + 2*q**2 + 2. Give r(-2).
-14
Let c(w) = -2*w**2 - 29*w - 10. Determine c(-14).
4
Let l(d) = d**2 - 17*d + 74. Give l(10).
4
Let j(w) = -13*w + 9. Determine j(2).
-17
Let n(t) = t**2 + 2*t - 67. What is n(9)?
32
Let r(x) = 3*x**2 + 3*x - 7. Give r(2).
11
Let k(y) = 2*y**2 - 2*y + 7. What is k(5)?
47
Let j(c) = -c**2 + 4*c + 10. Give j(9).
-35
Let o(w) = -w**3 + 5*w**2 - 11*w + 27. Calculate o(4).
-1
Let t(f) = -f**2 + 10*f + 7. Determine t(11).
-4
Let n(p) = -2*p**3 + 4*p**2 + 34*p - 17. Give n(5).
3
Let u(g) = 8*g + 72. What is u(-13)?
-32
Let v(j) = -j**3 - 3*j**2 - 2*j. What is v(-3)?
6
Let i(f) = -f - 6. Give i(10).
-16
Let m(z) = -z**3 - 2*z**2 - 2*z - 5. Calculate m(0).
-5
Let s(t) = -5*t - 204. Calculate s(-41).
1
Let h(z) = -2*z - 80. Determine h(-40).
0
Let g(l) = l**3 - 8*l**2 + 11*l + 7. Calculate g(6).
1
Let p(k) = -8*k - 106. Calculate p(-19).
46
Let u(g) = g**2 + 40*g + 87. What is u(-38)?
11
Let l(y) = 5*y**2 - 2*y + 4. Calculate l(1).
7
Let a(p) = p**3 - 6*p**2 - 2. Calculate a(6).
-2
Let h(w) = -19*w - 2. What is h(-2)?
36
Let h(j) = -j**3 + 5*j**2 + 6*j - 38. What is h(5)?
-8
Let t(x) = -2*x**2 + 29*x + 16. Calculate t(15).
1
Let v(f) = -f**3 - 6*f**2 - 3*f + 4. Calculate v(-5).
-6
Let z(y) = y**3 - 6*y**2 - 4*y - 16. What is z(7)?
5
Let h(f) = f**3 - 4*f - 2. Determine h(-3).
-17
Let b(u) = u - 19. Give b(11).
-8
Let i(z) = 7*z - 8. Calculate i(3).
13
Let w(x) = 3*x**2 + x - 6. Determine w(-4).
38
Let i(n) = n**3 + 7*n**2 + 4. What is i(-7)?
4
Let r(s) = -s + 9. What is r(7)?
2
Let l(g) = 5*g - 33. What is l(6)?
-3
Let y(h) = 3*h - 20. Give y(-12).
-56
Let c(a) = -a**3 - 10*a**2 - 14*a + 6. Calculate c(-8).
-10
Let s(i) = 2*i**2 - 2*i + 4. Calculate s(6).
64
Let d(a) = -a**3 + 7*a**2 + a + 29. Determine d(7).
36
Let l(c) = -c**3 - 7*c**2 + 8*c - 9. What is l(-8)?
-9
Let v(x) = x**3 + 4*x**2 - 5*x + 4. Give v(3).
52
Let t(v) = -7*v + 21. Give t(3).
0
Let a(s) = -28*s + 17. Give a(2).
-39
Let s(x) = -8*x - 77. Determine s(-5).
-37
Let a(c) = -28*c - 4. What is a(0)?
-4
Let f(l) = 5*l + 35. Determine f(-7).
0
Let o(z) = z**2 - 2*z + 4. Calculate o(3).
7
Let r(w) = -w - 2. Calculate r(-7).
5
Let u(d) = 47*d. Calculate u(1).
47
Let r(g) = g + 20. Determine r(-15).
5
Let r(v) = -v - 4. Determine r(1).
-5
Let i(f) = 12*f + 139. Determine i(-13).
-17
Let p(a) = -a**3 + 4*a**2 + 8*a - 1. Give p(6).
-25
Let x(y) = -3*y + 6. Give x(4).
-6
Let s(w) = w**3 + 8*w**2 + 11*w + 41. Calculate s(-5).
61
Let m(z) = z**3 - 10*z**2 - 16*z - 15. What is m(10)?
-175
Let u(v) = -v**3 - 3*v**2 + v + 2. Calculate u(-4).
14
Let j(x) = -2*x**2 + 53*x + 90. What is j(28)?
6
Let p(g) = -2*g**2 + 6*g - 11. Determine p(5).
-31
Let x(f) = 6*f - 151. Determine x(25).
-1
Let c(u) = -u - 3. What is c(3)?
-6
Let g(p) = 2*p**3 - 20*p**2 - 3*p + 23. Determine g(10).
-7
Let h(d) = d**3 - 13*d**2 + 11*d + 3. Calculate h(12).
-9
Let p(l) = -l**3 - 4*l**2 + 8*l - 1. Calculate p(-5).
-16
Let q(x) = x**2 - 10*x - 2. Calculate q(6).
-26
Let g(u) = -u - 17. Give g(-8).
-9
Let l(z) = 11*z - 82. Determine l(8).
6
Let g(o) = -o**2 - 16*o + 37. Give g(-18).
1
Let b(n) = -6*n**3 + 2*n**2 + n - 2. Give b(-2).
52
Let k(a) = a - 16. Determine k(14).
-2
Let b(a) = a**2 + 32*a - 11. Determine b(-32).
-11
Let l(s) = 3*s**2 - 88*s + 59. What is l(29)?
30
Let x(u) = u**2 + 2*u + 3. Give x(-3).
6
Let n(x) = -9*x**2 + 17*x + 5. Give n(2).
3
Let r(u) = -13*u + 187. Determine r(15).
-8
Let w(y) = 2*y**2 - 31*y - 48. Determine w(17).
3
Let p(g) = g**2 + 15*g + 40. What is p(-12)?
4
Let z(t) = -10*t. What is z(-3)?
30
Let o(m) = m**3 + 7*m**2 + 9*m - 9. Calculate o(-5).
-4
Let i(m) = 2*m**2 - 7*m - 7. Determine i(-5).
78
Let m(v) = 2*v - 18. Give m(-4).
-26
Let h(z) = z**3 - 5*z**2 + 3*z. Determine h(4).
-4
Let m(b) = b**3 - 7*b + 4. Give m(3).
10
Let t(s) = 3*s**2 - 11*s + 41. Calculate t(6).
83
Let i(o) = -2*o**3 - 11*o**2 - 11*o - 2. Determine i(-4).
-6
Let v(g) = -g**3 + 5*g**2 - 2. Give v(5).
-2
Let q(o) = -14*o**2. What is q(1)?
-14
Let h(o) = -o + 10. Give h(-11).
21
Let w(h) = h**3 + 15*h**2 + 15*h - 148. What is w(-13)?
-5
Let r(s) = -3*s + 94. Calculate r(-8).
118
Let k(j) = j**3 + 23*j**2 + 44*j + 48. Give k(-21).
6
Let m(s) = -s**3 + 6*s**2 + 12*s - 42. Calculate m(8).
-74
Let h(i) = i**3 - 35*i**2 - 36*i - 16. Give h(36).
-16
Let a(g) = -2*g + 55. Calculate a(23).
9
Let m(v) = -v**2 - v + 1. Give m(-7).
-41
Let b(k) = 2*k - 66. Calculate b(16).
-34
Let g(b) = -3*b + 72. Give g(12).
36
Let g(j) = -48*j - 1. Calculate g(1).
-49
Let w(y) = 2*y**2 - 4*y - 12. Determine w(5).
18
Let f(y) = -y**2 - y + 3. Determine f(-3).
-3
Let x(v) = -2*v**2 - 21*v + 36. What is x(-12)?
0
Let d(u) = -u**3 - 6*u**2 + 5*u + 13. Determine d(-6).
-17
Let z(l) = -57*l + 108. What is z(2)?
-6
Let l(s) = 2*s - 3. Determine l(6).
9
Let q(a) = -a**3 + 13*a**2 + 3*a - 11. Determine q(13).
28
Let l(u) = u**2 - 9*u - 9. Give l(10).
1
Let q(p) = p**3 + p**2 - p - 2. Calculate q(-3).
-17
Let n(q) = -q**3 + 8*q**2 + 4*q - 9. Determine n(6).
87
Let o(r) = -r**2 - r + 45. Calculate o(6).
3
Let m(g) = g**2 + 12*g - 410. Give m(15).
-5
Let m(c) = -c**3 + 8*c**2 + 33. Calculate m(8).
33
Let c(l) = l**3 - 3*l + 3. What is c(5)?
113
Let d(j) = -2*j**3 - 23*j**2 - 7*j - 1. Determine d(-11).
-45
Let l(f) = 3*f + 24. Calculate l(9).
51
Let m(s) = 2*s**2 + 4*s - 33. Give m(4).
15
Let g(i) = 8*i + 18. What is g(1)?
26
Let j(t) = -5*t + 47. Give j(9).
2
Let c(d) = d**3 - 15*d**2 + 2*d - 29. What is c(15)?
1
Let z(i) = -10*i + 1. What is z(-2)?
21
Let g(s) = 41*s - 147. Give g(4).
17
Let j(o) = -o**3 + 27*o**2 - 27*o - 11. Calculate j(26).
-37
Let n(o) = -18*o**3 + 1. Give n(1).
-17
Let z(g) = -2*g**2 - 12*g - 10. Determine z(-7).
-24
Let b(j) = -j**2 - j + 2. Give b(-4).
-10
Let l(k) = k**3 + 30*k**2 + 29*k - 66. What is l(-29)?
-66
Let k(m) = -7*m**2 + 9*m - 8. Calculate k(1).
-6
Let d(f) = f**3 + 5*f**2 - 15*f - 2. Give d(-7).
5
Let h(p) = -p**3 + 4*p**2 - 8*p + 4. Determine h(3).
-11
Let q(g) = 10*g**2 + 6*g - 5. Determine q(0).
-5
Let t(q) = -q - 3. What is t(3)?
-6
Let h(f) = -36*f + 131. Calculate h(5).
-49
Let t(s) = s**2 + 6*s + 11. Give t(-11).
66
Let y(k) = k**3 + k**2 + 4. Give y(3).
40
Let u(b) = 3*b**2 - 54*b - 6. Calculate u(17).
-57
Let t(b) = b - 4. Calculate t(-5).
-9
Let c(f) = -f**3 - 10*f**2 - 7*f + 25. Determine c(-9).
7
Let x(m) = -2*m**2 + 16*m + 138. Calculate x(13).
8
Let p(t) = -4*t - 19. What is p(-5)?
1
Let o(y) = y**3 - 5*y + 6. What is o(4)?
50
Let g(p) = p**2 + 7*p - 7. Give g(-8).
1
Let p(k) = 2*k + 3. Calculate p(-11).
-19
Let g(h) = 10*h + 33. What is g(-3)?
3
Let d(q) = 5*q + 31. Give d(-11).
-24
Let w(y) = 12*y + 98. What is w(-8)?
2
Let t(b) = b**3 + 17*b**2 + 29*b + 1. What is t(-15)?
16
Let o(g) = 2*g**2 + 6*g - 6. What is o(-7)?
50
Let b(i) = i + 1. Determine b(-1).
0
Let b(c) = 13*c - 3. Calculate b(3).
36
Let q(j) = 2*j**3 + 44*j**2 - 2*j - 63. Determine q(-22).
-19
Let x(c) = 12*c - 29. What is x(3)?
7
Let f(v) = -7*v**2. What is f(-1)?
-7
Let o(s) = -s**3 - 9*s**2 - 14*s - 1. Give o(-7).
-1
Let s(o) = o**2 + 5*o - 4. Calculate s(-7).
10
Let y(i) = -9*i - 3. Calculate y(1).
-12
Le